{"id":16016,"date":"2026-01-13T11:28:11","date_gmt":"2026-01-13T11:28:11","guid":{"rendered":"https:\/\/riberalves.pt\/receitas\/bacalhau-e-legumes-assados-com-couve-salteada-e-ovo-picado-2\/"},"modified":"2026-04-23T20:25:20","modified_gmt":"2026-04-23T19:25:20","slug":"bacalhau-e-legumes-assados-com-couve-salteada-e-ovo-picado-2","status":"publish","type":"receitas","link":"https:\/\/riberalves.pt\/fr\/recettes\/bacalhau-e-legumes-assados-com-couve-salteada-e-ovo-picado-2\/","title":{"rendered":"MORUE AU FOUR ET L\u00c9GUMES AVEC CHOU SAUT\u00c9 ET \u0152UF HACH\u00c9"},"content":{"rendered":"\n<p>D\u00e9congeler pr\u00e9alablement la morue au r\u00e9frig\u00e9rateur et la disposer dans un grand plat \u00e0 four.<br>\u00c9plucher et couper la carotte et les pommes de terre en cubes, les cuire dans de l\u2019eau sal\u00e9e, \u00e9goutter et les disposer autour de la morue. Arroser d\u2019un filet d\u2019huile d\u2019olive et cuire au four pr\u00e9chauff\u00e9 \u00e0 180\u00b0C pendant 25 minutes.<\/p>\n\n\n\n<p>Faire cuire les \u0153ufs dans de l\u2019eau sal\u00e9e, les placer ensuite dans de l\u2019eau froide, les \u00e9caler et les hacher.<\/p>\n\n\n\n<p>Retirer la partie la plus dure des tiges du chou, couper les feuilles en deux et les faire revenir dans de l\u2019huile d\u2019olive avec de l\u2019ail finement hach\u00e9 jusqu\u2019\u00e0 obtenir la texture souhait\u00e9e (plus ou moins croquante selon le go\u00fbt), en assaisonnant avec du sel et du poivre noir fra\u00eechement moulu.<\/p>\n\n\n\n<p>Servir la morue avec le chou saut\u00e9, les carottes et les pommes de terre, le tout parsem\u00e9 d\u2019\u0153uf dur hach\u00e9 et arros\u00e9 de l\u2019huile de cuisson ou du jus de cuisson du four.<\/p>\n","protected":false},"featured_media":15539,"template":"","categories":[414],"colecoes":[332],"tipos-bacalhau":[249],"class_list":["post-16016","receitas","type-receitas","status-publish","has-post-thumbnail","hentry","category-tradicional","colecoes-automne-hiver","tipos-bacalhau-paves-de-morue-a-la-fleur-de-sel"],"acf":[],"yoast_head":"<!-- This site is optimized with the Yoast SEO plugin v27.5 - https:\/\/yoast.com\/product\/yoast-seo-wordpress\/ -->\n<title>MORUE AU FOUR ET L\u00c9GUMES AVEC CHOU SAUT\u00c9 ET \u0152UF HACH\u00c9 - Riberalves<\/title>\n<meta name=\"description\" content=\"Esta combina\u00e7\u00e3o \u00e9 a defini\u00e7\u00e3o de conforto nutricional. \u00c9 um prato que equilibra a textura macia do assado, o crocante da couve salteada e a cremosidade do ovo.\" \/>\n<meta name=\"robots\" content=\"index, follow, max-snippet:-1, max-image-preview:large, max-video-preview:-1\" \/>\n<link rel=\"canonical\" href=\"https:\/\/riberalves.pt\/fr\/recettes\/bacalhau-e-legumes-assados-com-couve-salteada-e-ovo-picado-2\/\" \/>\n<meta property=\"og:locale\" content=\"fr_FR\" \/>\n<meta property=\"og:type\" content=\"article\" \/>\n<meta property=\"og:title\" content=\"MORUE AU FOUR ET L\u00c9GUMES AVEC CHOU SAUT\u00c9 ET \u0152UF HACH\u00c9 - Riberalves\" \/>\n<meta property=\"og:description\" content=\"Esta combina\u00e7\u00e3o \u00e9 a defini\u00e7\u00e3o de conforto nutricional. \u00c9 um prato que equilibra a textura macia do assado, o crocante da couve salteada e a cremosidade do ovo.\" \/>\n<meta property=\"og:url\" content=\"https:\/\/riberalves.pt\/fr\/recettes\/bacalhau-e-legumes-assados-com-couve-salteada-e-ovo-picado-2\/\" \/>\n<meta property=\"og:site_name\" content=\"Riberalves\" \/>\n<meta property=\"article:modified_time\" content=\"2026-04-23T19:25:20+00:00\" \/>\n<meta property=\"og:image\" content=\"https:\/\/riberalves.pt\/wp-content\/uploads\/2026\/01\/Bacalhau_Assado_Couve_Salteada_Ovo_Cozido_Batatas_Cenouras_Assadas-2.jpg\" \/>\n\t<meta property=\"og:image:width\" content=\"1350\" \/>\n\t<meta property=\"og:image:height\" content=\"1800\" \/>\n\t<meta property=\"og:image:type\" content=\"image\/jpeg\" \/>\n<meta name=\"twitter:card\" content=\"summary_large_image\" \/>\n<meta name=\"twitter:label1\" content=\"Dur\u00e9e de lecture estim\u00e9e\" \/>\n\t<meta name=\"twitter:data1\" content=\"2 minutes\" \/>\n<script type=\"application\/ld+json\" class=\"yoast-schema-graph\">{\"@context\":\"https:\\\/\\\/schema.org\",\"@graph\":[{\"@type\":\"WebPage\",\"@id\":\"https:\\\/\\\/riberalves.pt\\\/fr\\\/recettes\\\/bacalhau-e-legumes-assados-com-couve-salteada-e-ovo-picado-2\\\/\",\"url\":\"https:\\\/\\\/riberalves.pt\\\/fr\\\/recettes\\\/bacalhau-e-legumes-assados-com-couve-salteada-e-ovo-picado-2\\\/\",\"name\":\"MORUE AU FOUR ET L\u00c9GUMES AVEC CHOU SAUT\u00c9 ET \u0152UF HACH\u00c9 - Riberalves\",\"isPartOf\":{\"@id\":\"https:\\\/\\\/riberalves.pt\\\/#website\"},\"primaryImageOfPage\":{\"@id\":\"https:\\\/\\\/riberalves.pt\\\/fr\\\/recettes\\\/bacalhau-e-legumes-assados-com-couve-salteada-e-ovo-picado-2\\\/#primaryimage\"},\"image\":{\"@id\":\"https:\\\/\\\/riberalves.pt\\\/fr\\\/recettes\\\/bacalhau-e-legumes-assados-com-couve-salteada-e-ovo-picado-2\\\/#primaryimage\"},\"thumbnailUrl\":\"https:\\\/\\\/riberalves.pt\\\/wp-content\\\/uploads\\\/2026\\\/01\\\/Bacalhau_Assado_Couve_Salteada_Ovo_Cozido_Batatas_Cenouras_Assadas-2.jpg\",\"datePublished\":\"2026-01-13T11:28:11+00:00\",\"dateModified\":\"2026-04-23T19:25:20+00:00\",\"description\":\"Esta combina\u00e7\u00e3o \u00e9 a defini\u00e7\u00e3o de conforto nutricional. \u00c9 um prato que equilibra a textura macia do assado, o crocante da couve salteada e a cremosidade do ovo.\",\"breadcrumb\":{\"@id\":\"https:\\\/\\\/riberalves.pt\\\/fr\\\/recettes\\\/bacalhau-e-legumes-assados-com-couve-salteada-e-ovo-picado-2\\\/#breadcrumb\"},\"inLanguage\":\"fr-FR\",\"potentialAction\":[{\"@type\":\"ReadAction\",\"target\":[\"https:\\\/\\\/riberalves.pt\\\/fr\\\/recettes\\\/bacalhau-e-legumes-assados-com-couve-salteada-e-ovo-picado-2\\\/\"]}]},{\"@type\":\"ImageObject\",\"inLanguage\":\"fr-FR\",\"@id\":\"https:\\\/\\\/riberalves.pt\\\/fr\\\/recettes\\\/bacalhau-e-legumes-assados-com-couve-salteada-e-ovo-picado-2\\\/#primaryimage\",\"url\":\"https:\\\/\\\/riberalves.pt\\\/wp-content\\\/uploads\\\/2026\\\/01\\\/Bacalhau_Assado_Couve_Salteada_Ovo_Cozido_Batatas_Cenouras_Assadas-2.jpg\",\"contentUrl\":\"https:\\\/\\\/riberalves.pt\\\/wp-content\\\/uploads\\\/2026\\\/01\\\/Bacalhau_Assado_Couve_Salteada_Ovo_Cozido_Batatas_Cenouras_Assadas-2.jpg\",\"width\":1350,\"height\":1800},{\"@type\":\"BreadcrumbList\",\"@id\":\"https:\\\/\\\/riberalves.pt\\\/fr\\\/recettes\\\/bacalhau-e-legumes-assados-com-couve-salteada-e-ovo-picado-2\\\/#breadcrumb\",\"itemListElement\":[{\"@type\":\"ListItem\",\"position\":1,\"name\":\"Home\",\"item\":\"https:\\\/\\\/riberalves.pt\\\/\"},{\"@type\":\"ListItem\",\"position\":2,\"name\":\"Receitas\",\"item\":\"https:\\\/\\\/riberalves.pt\\\/receitas\\\/\"},{\"@type\":\"ListItem\",\"position\":3,\"name\":\"MORUE AU FOUR ET L\u00c9GUMES AVEC CHOU SAUT\u00c9 ET \u0152UF HACH\u00c9\"}]},{\"@type\":\"WebSite\",\"@id\":\"https:\\\/\\\/riberalves.pt\\\/#website\",\"url\":\"https:\\\/\\\/riberalves.pt\\\/\",\"name\":\"Riberalves\",\"description\":\"Les meilleures recettes de morue en un seul endroit! Notre processus de longue matuaration dans le sel garantit la saveur unique, la texture douce et les tranches succulentes de notre poisson pr\u00e9f\u00e9r\u00e9, pr\u00eat \u00e0 cuisiner!\",\"alternateName\":\"Riberalves\",\"potentialAction\":[{\"@type\":\"SearchAction\",\"target\":{\"@type\":\"EntryPoint\",\"urlTemplate\":\"https:\\\/\\\/riberalves.pt\\\/?s={search_term_string}\"},\"query-input\":{\"@type\":\"PropertyValueSpecification\",\"valueRequired\":true,\"valueName\":\"search_term_string\"}}],\"inLanguage\":\"fr-FR\"}]}<\/script>\n<!-- \/ Yoast SEO plugin. -->","yoast_head_json":{"title":"MORUE AU FOUR ET L\u00c9GUMES AVEC CHOU SAUT\u00c9 ET \u0152UF HACH\u00c9 - Riberalves","description":"Esta combina\u00e7\u00e3o \u00e9 a defini\u00e7\u00e3o de conforto nutricional. \u00c9 um prato que equilibra a textura macia do assado, o crocante da couve salteada e a cremosidade do ovo.","robots":{"index":"index","follow":"follow","max-snippet":"max-snippet:-1","max-image-preview":"max-image-preview:large","max-video-preview":"max-video-preview:-1"},"canonical":"https:\/\/riberalves.pt\/fr\/recettes\/bacalhau-e-legumes-assados-com-couve-salteada-e-ovo-picado-2\/","og_locale":"fr_FR","og_type":"article","og_title":"MORUE AU FOUR ET L\u00c9GUMES AVEC CHOU SAUT\u00c9 ET \u0152UF HACH\u00c9 - Riberalves","og_description":"Esta combina\u00e7\u00e3o \u00e9 a defini\u00e7\u00e3o de conforto nutricional. \u00c9 um prato que equilibra a textura macia do assado, o crocante da couve salteada e a cremosidade do ovo.","og_url":"https:\/\/riberalves.pt\/fr\/recettes\/bacalhau-e-legumes-assados-com-couve-salteada-e-ovo-picado-2\/","og_site_name":"Riberalves","article_modified_time":"2026-04-23T19:25:20+00:00","og_image":[{"width":1350,"height":1800,"url":"https:\/\/riberalves.pt\/wp-content\/uploads\/2026\/01\/Bacalhau_Assado_Couve_Salteada_Ovo_Cozido_Batatas_Cenouras_Assadas-2.jpg","type":"image\/jpeg"}],"twitter_card":"summary_large_image","twitter_misc":{"Dur\u00e9e de lecture estim\u00e9e":"2 minutes"},"schema":{"@context":"https:\/\/schema.org","@graph":[{"@type":"WebPage","@id":"https:\/\/riberalves.pt\/fr\/recettes\/bacalhau-e-legumes-assados-com-couve-salteada-e-ovo-picado-2\/","url":"https:\/\/riberalves.pt\/fr\/recettes\/bacalhau-e-legumes-assados-com-couve-salteada-e-ovo-picado-2\/","name":"MORUE AU FOUR ET L\u00c9GUMES AVEC CHOU SAUT\u00c9 ET \u0152UF HACH\u00c9 - Riberalves","isPartOf":{"@id":"https:\/\/riberalves.pt\/#website"},"primaryImageOfPage":{"@id":"https:\/\/riberalves.pt\/fr\/recettes\/bacalhau-e-legumes-assados-com-couve-salteada-e-ovo-picado-2\/#primaryimage"},"image":{"@id":"https:\/\/riberalves.pt\/fr\/recettes\/bacalhau-e-legumes-assados-com-couve-salteada-e-ovo-picado-2\/#primaryimage"},"thumbnailUrl":"https:\/\/riberalves.pt\/wp-content\/uploads\/2026\/01\/Bacalhau_Assado_Couve_Salteada_Ovo_Cozido_Batatas_Cenouras_Assadas-2.jpg","datePublished":"2026-01-13T11:28:11+00:00","dateModified":"2026-04-23T19:25:20+00:00","description":"Esta combina\u00e7\u00e3o \u00e9 a defini\u00e7\u00e3o de conforto nutricional. \u00c9 um prato que equilibra a textura macia do assado, o crocante da couve salteada e a cremosidade do ovo.","breadcrumb":{"@id":"https:\/\/riberalves.pt\/fr\/recettes\/bacalhau-e-legumes-assados-com-couve-salteada-e-ovo-picado-2\/#breadcrumb"},"inLanguage":"fr-FR","potentialAction":[{"@type":"ReadAction","target":["https:\/\/riberalves.pt\/fr\/recettes\/bacalhau-e-legumes-assados-com-couve-salteada-e-ovo-picado-2\/"]}]},{"@type":"ImageObject","inLanguage":"fr-FR","@id":"https:\/\/riberalves.pt\/fr\/recettes\/bacalhau-e-legumes-assados-com-couve-salteada-e-ovo-picado-2\/#primaryimage","url":"https:\/\/riberalves.pt\/wp-content\/uploads\/2026\/01\/Bacalhau_Assado_Couve_Salteada_Ovo_Cozido_Batatas_Cenouras_Assadas-2.jpg","contentUrl":"https:\/\/riberalves.pt\/wp-content\/uploads\/2026\/01\/Bacalhau_Assado_Couve_Salteada_Ovo_Cozido_Batatas_Cenouras_Assadas-2.jpg","width":1350,"height":1800},{"@type":"BreadcrumbList","@id":"https:\/\/riberalves.pt\/fr\/recettes\/bacalhau-e-legumes-assados-com-couve-salteada-e-ovo-picado-2\/#breadcrumb","itemListElement":[{"@type":"ListItem","position":1,"name":"Home","item":"https:\/\/riberalves.pt\/"},{"@type":"ListItem","position":2,"name":"Receitas","item":"https:\/\/riberalves.pt\/receitas\/"},{"@type":"ListItem","position":3,"name":"MORUE AU FOUR ET L\u00c9GUMES AVEC CHOU SAUT\u00c9 ET \u0152UF HACH\u00c9"}]},{"@type":"WebSite","@id":"https:\/\/riberalves.pt\/#website","url":"https:\/\/riberalves.pt\/","name":"Riberalves","description":"Les meilleures recettes de morue en un seul endroit! Notre processus de longue matuaration dans le sel garantit la saveur unique, la texture douce et les tranches succulentes de notre poisson pr\u00e9f\u00e9r\u00e9, pr\u00eat \u00e0 cuisiner!","alternateName":"Riberalves","potentialAction":[{"@type":"SearchAction","target":{"@type":"EntryPoint","urlTemplate":"https:\/\/riberalves.pt\/?s={search_term_string}"},"query-input":{"@type":"PropertyValueSpecification","valueRequired":true,"valueName":"search_term_string"}}],"inLanguage":"fr-FR"}]}},"_links":{"self":[{"href":"https:\/\/riberalves.pt\/fr\/wp-json\/wp\/v2\/receitas\/16016","targetHints":{"allow":["GET"]}}],"collection":[{"href":"https:\/\/riberalves.pt\/fr\/wp-json\/wp\/v2\/receitas"}],"about":[{"href":"https:\/\/riberalves.pt\/fr\/wp-json\/wp\/v2\/types\/receitas"}],"wp:featuredmedia":[{"embeddable":true,"href":"https:\/\/riberalves.pt\/fr\/wp-json\/wp\/v2\/media\/15539"}],"wp:attachment":[{"href":"https:\/\/riberalves.pt\/fr\/wp-json\/wp\/v2\/media?parent=16016"}],"wp:term":[{"taxonomy":"category","embeddable":true,"href":"https:\/\/riberalves.pt\/fr\/wp-json\/wp\/v2\/categories?post=16016"},{"taxonomy":"colecoes","embeddable":true,"href":"https:\/\/riberalves.pt\/fr\/wp-json\/wp\/v2\/colecoes?post=16016"},{"taxonomy":"tipos-bacalhau","embeddable":true,"href":"https:\/\/riberalves.pt\/fr\/wp-json\/wp\/v2\/tipos-bacalhau?post=16016"}],"curies":[{"name":"wp","href":"https:\/\/api.w.org\/{rel}","templated":true}]}}

MORUE AU FOUR ET LÉGUMES AVEC CHOU SAUTÉ ET ŒUF HACHÉ

<p>Décongeler préalablement la morue au réfrigérateur et la disposer dans un grand plat à four.<br>Éplucher et couper la carotte et les pommes de terre en cubes, les cuire dans de l’eau salée, égoutter et les disposer autour de la morue. Arroser d’un filet d’huile d’olive et cuire au four préchauffé à 180°C pendant 25 minutes.</p>



<p>Faire cuire les œufs dans de l’eau salée, les placer ensuite dans de l’eau froide, les écaler et les hacher.</p>



<p>Retirer la partie la plus dure des tiges du chou, couper les feuilles en deux et les faire revenir dans de l’huile d’olive avec de l’ail finement haché jusqu’à obtenir la texture souhaitée (plus ou moins croquante selon le goût), en assaisonnant avec du sel et du poivre noir fraîchement moulu.</p>



<p>Servir la morue avec le chou sauté, les carottes et les pommes de terre, le tout parsemé d’œuf dur haché et arrosé de l’huile de cuisson ou du jus de cuisson du four.</p>

<!-- This site is optimized with the Yoast SEO plugin v27.5 - https://yoast.com/product/yoast-seo-wordpress/ -->
<title>MORUE AU FOUR ET LÉGUMES AVEC CHOU SAUTÉ ET ŒUF HACHÉ - Riberalves</title>
<meta name="description" content="Esta combinação é a definição de conforto nutricional. É um prato que equilibra a textura macia do assado, o crocante da couve salteada e a cremosidade do ovo." />
<meta name="robots" content="index, follow, max-snippet:-1, max-image-preview:large, max-video-preview:-1" />
<link rel="canonical" href="https://riberalves.pt/fr/recettes/bacalhau-e-legumes-assados-com-couve-salteada-e-ovo-picado-2/" />
<meta property="og:locale" content="fr_FR" />
<meta property="og:type" content="article" />
<meta property="og:title" content="MORUE AU FOUR ET LÉGUMES AVEC CHOU SAUTÉ ET ŒUF HACHÉ - Riberalves" />
<meta property="og:description" content="Esta combinação é a definição de conforto nutricional. É um prato que equilibra a textura macia do assado, o crocante da couve salteada e a cremosidade do ovo." />
<meta property="og:url" content="https://riberalves.pt/fr/recettes/bacalhau-e-legumes-assados-com-couve-salteada-e-ovo-picado-2/" />
<meta property="og:site_name" content="Riberalves" />
<meta property="article:modified_time" content="2026-04-23T19:25:20+00:00" />
<meta property="og:image" content="https://riberalves.pt/wp-content/uploads/2026/01/Bacalhau_Assado_Couve_Salteada_Ovo_Cozido_Batatas_Cenouras_Assadas-2.jpg" />
	<meta property="og:image:width" content="1350" />
	<meta property="og:image:height" content="1800" />
	<meta property="og:image:type" content="image/jpeg" />
<meta name="twitter:card" content="summary_large_image" />
<meta name="twitter:label1" content="Durée de lecture estimée" />
	<meta name="twitter:data1" content="2 minutes" />
<script type="application/ld+json" class="yoast-schema-graph">{"@context":"https:\/\/schema.org","@graph":[{"@type":"WebPage","@id":"https:\/\/riberalves.pt\/fr\/recettes\/bacalhau-e-legumes-assados-com-couve-salteada-e-ovo-picado-2\/","url":"https:\/\/riberalves.pt\/fr\/recettes\/bacalhau-e-legumes-assados-com-couve-salteada-e-ovo-picado-2\/","name":"MORUE AU FOUR ET LÉGUMES AVEC CHOU SAUTÉ ET ŒUF HACHÉ - Riberalves","isPartOf":{"@id":"https:\/\/riberalves.pt\/#website"},"primaryImageOfPage":{"@id":"https:\/\/riberalves.pt\/fr\/recettes\/bacalhau-e-legumes-assados-com-couve-salteada-e-ovo-picado-2\/#primaryimage"},"image":{"@id":"https:\/\/riberalves.pt\/fr\/recettes\/bacalhau-e-legumes-assados-com-couve-salteada-e-ovo-picado-2\/#primaryimage"},"thumbnailUrl":"https:\/\/riberalves.pt\/wp-content\/uploads\/2026\/01\/Bacalhau_Assado_Couve_Salteada_Ovo_Cozido_Batatas_Cenouras_Assadas-2.jpg","datePublished":"2026-01-13T11:28:11+00:00","dateModified":"2026-04-23T19:25:20+00:00","description":"Esta combinação é a definição de conforto nutricional. É um prato que equilibra a textura macia do assado, o crocante da couve salteada e a cremosidade do ovo.","breadcrumb":{"@id":"https:\/\/riberalves.pt\/fr\/recettes\/bacalhau-e-legumes-assados-com-couve-salteada-e-ovo-picado-2\/#breadcrumb"},"inLanguage":"fr-FR","potentialAction":[{"@type":"ReadAction","target":["https:\/\/riberalves.pt\/fr\/recettes\/bacalhau-e-legumes-assados-com-couve-salteada-e-ovo-picado-2\/"]}]},{"@type":"ImageObject","inLanguage":"fr-FR","@id":"https:\/\/riberalves.pt\/fr\/recettes\/bacalhau-e-legumes-assados-com-couve-salteada-e-ovo-picado-2\/#primaryimage","url":"https:\/\/riberalves.pt\/wp-content\/uploads\/2026\/01\/Bacalhau_Assado_Couve_Salteada_Ovo_Cozido_Batatas_Cenouras_Assadas-2.jpg","contentUrl":"https:\/\/riberalves.pt\/wp-content\/uploads\/2026\/01\/Bacalhau_Assado_Couve_Salteada_Ovo_Cozido_Batatas_Cenouras_Assadas-2.jpg","width":1350,"height":1800},{"@type":"BreadcrumbList","@id":"https:\/\/riberalves.pt\/fr\/recettes\/bacalhau-e-legumes-assados-com-couve-salteada-e-ovo-picado-2\/#breadcrumb","itemListElement":[{"@type":"ListItem","position":1,"name":"Home","item":"https:\/\/riberalves.pt\/"},{"@type":"ListItem","position":2,"name":"Receitas","item":"https:\/\/riberalves.pt\/receitas\/"},{"@type":"ListItem","position":3,"name":"MORUE AU FOUR ET LÉGUMES AVEC CHOU SAUTÉ ET ŒUF HACHÉ"}]},{"@type":"WebSite","@id":"https:\/\/riberalves.pt\/#website","url":"https:\/\/riberalves.pt\/","name":"Riberalves","description":"Les meilleures recettes de morue en un seul endroit! Notre processus de longue matuaration dans le sel garantit la saveur unique, la texture douce et les tranches succulentes de notre poisson préféré, prêt à cuisiner!","alternateName":"Riberalves","potentialAction":[{"@type":"SearchAction","target":{"@type":"EntryPoint","urlTemplate":"https:\/\/riberalves.pt\/?s={search_term_string}"},"query-input":{"@type":"PropertyValueSpecification","valueRequired":true,"valueName":"search_term_string"}}],"inLanguage":"fr-FR"}]}</script>
<!-- / Yoast SEO plugin. -->

MORUE AU FOUR ET LÉGUMES AVEC CHOU SAUTÉ ET ŒUF HACHÉ - Riberalves

Esta combinação é a definição de conforto nutricional. É um prato que equilibra a textura macia do assado, o crocante da couve salteada e a cremosidade do ovo.

Les meilleures recettes de morue en un seul endroit! Notre processus de longue matuaration dans le sel garantit la saveur unique, la texture douce et les tranches succulentes de notre poisson préféré, prêt à cuisiner!
