{"id":9358,"date":"2022-08-19T10:32:06","date_gmt":"2022-08-19T09:32:06","guid":{"rendered":"https:\/\/riberalves.pt\/?post_type=receitas&#038;p=9358"},"modified":"2024-03-08T15:21:30","modified_gmt":"2024-03-08T15:21:30","slug":"morue-de-printemps-dana-bravo","status":"publish","type":"receitas","link":"https:\/\/riberalves.pt\/fr\/recettes\/morue-de-printemps-dana-bravo\/","title":{"rendered":"Morue de printemps d&rsquo;Ana Bravo"},"content":{"rendered":"\n<p>Morue de printemps d&rsquo;Ana Bravo Sant\u00e9 et morue Riberalves ! La combinaison parfaite pour une recette d\u00e9licieuse pour toute la famille. D\u00e9couvrez la recette compl\u00e8te.<\/p>\n\n\n\n<p>D\u00e9congelez et nettoyez la <a href=\"https:\/\/riberalves.pt\/o-bacalhau\/\" target=\"_blank\" rel=\"noreferrer noopener\">morue<\/a>, en retirant la peau et les ar\u00eates puis, coupez-la en d\u00e9s. Programmez votre four \u00e0 200 degr\u00e9s. Faites cuire les p\u00e2tes en suivant les instructions indiqu\u00e9es sur l&#8217;emballage, retirez du feu 2 minutes avant le temps de cuisson recommand\u00e9.<\/p>\n\n\n\n<p>Dans un wok, versez l&rsquo;huile d&rsquo;olive, l&rsquo;ail \u00e9minc\u00e9, le piment (facultatif), le paprika et la noix de muscade. Laissez mijoter quelques minutes \u00e0 feu doux, puis ajoutez la morue. Apr\u00e8s 2 minutes, ajoutez les fanes de navet.<\/p>\n\n\n\n<p>D\u00e8s que la morue est cuite, roulez-la dans la farine et le lait, m\u00e9langez bien. Pour finir, m\u00e9langez les p\u00e2tes et transvasez dans un r\u00e9cipient allant au four. Disposez dessus les mini-tomates et le fromage r\u00e2p\u00e9<\/p>\n\n\n\n<p>Faites cuire au four en laissant gratiner pendant 10 minutes (ou jusqu&rsquo;\u00e0 ce soit dor\u00e9). La morue de printemps d&rsquo;Ana Bravo est pr\u00eate !<\/p>\n\n\n\n<h2 class=\"wp-block-heading\"><strong><u><a href=\"https:\/\/riberalveslojaonline.pt\/\" target=\"_blank\" rel=\"noreferrer noopener\">PR\u00caTE \u00c0 \u00caTRE SAVOUR\u00c9E !<\/a><\/u><\/strong><\/h2>\n","protected":false},"featured_media":4286,"template":"","categories":[264,47,252,57,263,53],"colecoes":[317,329,341,347,338],"tipos-bacalhau":[239],"class_list":["post-9358","receitas","type-receitas","status-publish","has-post-thumbnail","hentry","category-outono-inverno-fr","category-nutritionnistes","category-originais-fr","category-printemps-ete","category-de-partilha-fr","category-traditionelles","colecoes-les-conseils-des-nutritionnistes","colecoes-original-et-innovant","colecoes-plats-familiaux","colecoes-plats-traditionnels","colecoes-printemps-ete","tipos-bacalhau-paves-de-morue"],"acf":[],"yoast_head":"<!-- This site is optimized with the Yoast SEO plugin v27.5 - https:\/\/yoast.com\/product\/yoast-seo-wordpress\/ -->\n<title>Morue de printemps d&#039;Ana Bravo - Riberalves<\/title>\n<meta name=\"description\" content=\"Sant\u00e9 et morue sont la combinaison parfaite pour un repas. D\u00e9couvrez ici la recette de morue de printemps d&#039;Ana Bravo ! D\u00e9couvrez-la !\" \/>\n<meta name=\"robots\" content=\"index, follow, max-snippet:-1, max-image-preview:large, max-video-preview:-1\" \/>\n<link rel=\"canonical\" href=\"https:\/\/riberalves.pt\/fr\/recettes\/morue-de-printemps-dana-bravo\/\" \/>\n<meta property=\"og:locale\" content=\"fr_FR\" \/>\n<meta property=\"og:type\" content=\"article\" \/>\n<meta property=\"og:title\" content=\"Morue de printemps d&#039;Ana Bravo - Riberalves\" \/>\n<meta property=\"og:description\" content=\"Sant\u00e9 et morue sont la combinaison parfaite pour un repas. D\u00e9couvrez ici la recette de morue de printemps d&#039;Ana Bravo ! D\u00e9couvrez-la !\" \/>\n<meta property=\"og:url\" content=\"https:\/\/riberalves.pt\/fr\/recettes\/morue-de-printemps-dana-bravo\/\" \/>\n<meta property=\"og:site_name\" content=\"Riberalves\" \/>\n<meta property=\"article:modified_time\" content=\"2024-03-08T15:21:30+00:00\" \/>\n<meta property=\"og:image\" content=\"https:\/\/riberalves.pt\/wp-content\/uploads\/2021\/05\/BacPrimavera_AB_1200x1460.jpg\" \/>\n\t<meta property=\"og:image:width\" content=\"1200\" \/>\n\t<meta property=\"og:image:height\" content=\"1460\" \/>\n\t<meta property=\"og:image:type\" content=\"image\/jpeg\" \/>\n<meta name=\"twitter:card\" content=\"summary_large_image\" \/>\n<meta name=\"twitter:label1\" content=\"Dur\u00e9e de lecture estim\u00e9e\" \/>\n\t<meta name=\"twitter:data1\" content=\"1 minute\" \/>\n<script type=\"application\/ld+json\" class=\"yoast-schema-graph\">{\"@context\":\"https:\\\/\\\/schema.org\",\"@graph\":[{\"@type\":\"WebPage\",\"@id\":\"https:\\\/\\\/riberalves.pt\\\/fr\\\/recettes\\\/morue-de-printemps-dana-bravo\\\/\",\"url\":\"https:\\\/\\\/riberalves.pt\\\/fr\\\/recettes\\\/morue-de-printemps-dana-bravo\\\/\",\"name\":\"Morue de printemps d'Ana Bravo - Riberalves\",\"isPartOf\":{\"@id\":\"https:\\\/\\\/riberalves.pt\\\/#website\"},\"primaryImageOfPage\":{\"@id\":\"https:\\\/\\\/riberalves.pt\\\/fr\\\/recettes\\\/morue-de-printemps-dana-bravo\\\/#primaryimage\"},\"image\":{\"@id\":\"https:\\\/\\\/riberalves.pt\\\/fr\\\/recettes\\\/morue-de-printemps-dana-bravo\\\/#primaryimage\"},\"thumbnailUrl\":\"https:\\\/\\\/riberalves.pt\\\/wp-content\\\/uploads\\\/2021\\\/05\\\/BacPrimavera_AB_1200x1460.jpg\",\"datePublished\":\"2022-08-19T09:32:06+00:00\",\"dateModified\":\"2024-03-08T15:21:30+00:00\",\"description\":\"Sant\u00e9 et morue sont la combinaison parfaite pour un repas. D\u00e9couvrez ici la recette de morue de printemps d'Ana Bravo ! D\u00e9couvrez-la !\",\"breadcrumb\":{\"@id\":\"https:\\\/\\\/riberalves.pt\\\/fr\\\/recettes\\\/morue-de-printemps-dana-bravo\\\/#breadcrumb\"},\"inLanguage\":\"fr-FR\",\"potentialAction\":[{\"@type\":\"ReadAction\",\"target\":[\"https:\\\/\\\/riberalves.pt\\\/fr\\\/recettes\\\/morue-de-printemps-dana-bravo\\\/\"]}]},{\"@type\":\"ImageObject\",\"inLanguage\":\"fr-FR\",\"@id\":\"https:\\\/\\\/riberalves.pt\\\/fr\\\/recettes\\\/morue-de-printemps-dana-bravo\\\/#primaryimage\",\"url\":\"https:\\\/\\\/riberalves.pt\\\/wp-content\\\/uploads\\\/2021\\\/05\\\/BacPrimavera_AB_1200x1460.jpg\",\"contentUrl\":\"https:\\\/\\\/riberalves.pt\\\/wp-content\\\/uploads\\\/2021\\\/05\\\/BacPrimavera_AB_1200x1460.jpg\",\"width\":1200,\"height\":1460,\"caption\":\"Sa\u00fade, sabor, bacalhau e Riberalves! Combinam perfeitamente para uma receita deliciosa para toda fam\u00edlia. Espreita aqui a receita completa.\"},{\"@type\":\"BreadcrumbList\",\"@id\":\"https:\\\/\\\/riberalves.pt\\\/fr\\\/recettes\\\/morue-de-printemps-dana-bravo\\\/#breadcrumb\",\"itemListElement\":[{\"@type\":\"ListItem\",\"position\":1,\"name\":\"Home\",\"item\":\"https:\\\/\\\/riberalves.pt\\\/\"},{\"@type\":\"ListItem\",\"position\":2,\"name\":\"Receitas\",\"item\":\"https:\\\/\\\/riberalves.pt\\\/receitas\\\/\"},{\"@type\":\"ListItem\",\"position\":3,\"name\":\"Morue de printemps d&#8217;Ana Bravo\"}]},{\"@type\":\"WebSite\",\"@id\":\"https:\\\/\\\/riberalves.pt\\\/#website\",\"url\":\"https:\\\/\\\/riberalves.pt\\\/\",\"name\":\"Riberalves\",\"description\":\"Les meilleures recettes de morue en un seul endroit! Notre processus de longue matuaration dans le sel garantit la saveur unique, la texture douce et les tranches succulentes de notre poisson pr\u00e9f\u00e9r\u00e9, pr\u00eat \u00e0 cuisiner!\",\"alternateName\":\"Riberalves\",\"potentialAction\":[{\"@type\":\"SearchAction\",\"target\":{\"@type\":\"EntryPoint\",\"urlTemplate\":\"https:\\\/\\\/riberalves.pt\\\/?s={search_term_string}\"},\"query-input\":{\"@type\":\"PropertyValueSpecification\",\"valueRequired\":true,\"valueName\":\"search_term_string\"}}],\"inLanguage\":\"fr-FR\"}]}<\/script>\n<!-- \/ Yoast SEO plugin. -->","yoast_head_json":{"title":"Morue de printemps d'Ana Bravo - Riberalves","description":"Sant\u00e9 et morue sont la combinaison parfaite pour un repas. D\u00e9couvrez ici la recette de morue de printemps d'Ana Bravo ! D\u00e9couvrez-la !","robots":{"index":"index","follow":"follow","max-snippet":"max-snippet:-1","max-image-preview":"max-image-preview:large","max-video-preview":"max-video-preview:-1"},"canonical":"https:\/\/riberalves.pt\/fr\/recettes\/morue-de-printemps-dana-bravo\/","og_locale":"fr_FR","og_type":"article","og_title":"Morue de printemps d'Ana Bravo - Riberalves","og_description":"Sant\u00e9 et morue sont la combinaison parfaite pour un repas. D\u00e9couvrez ici la recette de morue de printemps d'Ana Bravo ! D\u00e9couvrez-la !","og_url":"https:\/\/riberalves.pt\/fr\/recettes\/morue-de-printemps-dana-bravo\/","og_site_name":"Riberalves","article_modified_time":"2024-03-08T15:21:30+00:00","og_image":[{"width":1200,"height":1460,"url":"https:\/\/riberalves.pt\/wp-content\/uploads\/2021\/05\/BacPrimavera_AB_1200x1460.jpg","type":"image\/jpeg"}],"twitter_card":"summary_large_image","twitter_misc":{"Dur\u00e9e de lecture estim\u00e9e":"1 minute"},"schema":{"@context":"https:\/\/schema.org","@graph":[{"@type":"WebPage","@id":"https:\/\/riberalves.pt\/fr\/recettes\/morue-de-printemps-dana-bravo\/","url":"https:\/\/riberalves.pt\/fr\/recettes\/morue-de-printemps-dana-bravo\/","name":"Morue de printemps d'Ana Bravo - Riberalves","isPartOf":{"@id":"https:\/\/riberalves.pt\/#website"},"primaryImageOfPage":{"@id":"https:\/\/riberalves.pt\/fr\/recettes\/morue-de-printemps-dana-bravo\/#primaryimage"},"image":{"@id":"https:\/\/riberalves.pt\/fr\/recettes\/morue-de-printemps-dana-bravo\/#primaryimage"},"thumbnailUrl":"https:\/\/riberalves.pt\/wp-content\/uploads\/2021\/05\/BacPrimavera_AB_1200x1460.jpg","datePublished":"2022-08-19T09:32:06+00:00","dateModified":"2024-03-08T15:21:30+00:00","description":"Sant\u00e9 et morue sont la combinaison parfaite pour un repas. D\u00e9couvrez ici la recette de morue de printemps d'Ana Bravo ! D\u00e9couvrez-la !","breadcrumb":{"@id":"https:\/\/riberalves.pt\/fr\/recettes\/morue-de-printemps-dana-bravo\/#breadcrumb"},"inLanguage":"fr-FR","potentialAction":[{"@type":"ReadAction","target":["https:\/\/riberalves.pt\/fr\/recettes\/morue-de-printemps-dana-bravo\/"]}]},{"@type":"ImageObject","inLanguage":"fr-FR","@id":"https:\/\/riberalves.pt\/fr\/recettes\/morue-de-printemps-dana-bravo\/#primaryimage","url":"https:\/\/riberalves.pt\/wp-content\/uploads\/2021\/05\/BacPrimavera_AB_1200x1460.jpg","contentUrl":"https:\/\/riberalves.pt\/wp-content\/uploads\/2021\/05\/BacPrimavera_AB_1200x1460.jpg","width":1200,"height":1460,"caption":"Sa\u00fade, sabor, bacalhau e Riberalves! Combinam perfeitamente para uma receita deliciosa para toda fam\u00edlia. Espreita aqui a receita completa."},{"@type":"BreadcrumbList","@id":"https:\/\/riberalves.pt\/fr\/recettes\/morue-de-printemps-dana-bravo\/#breadcrumb","itemListElement":[{"@type":"ListItem","position":1,"name":"Home","item":"https:\/\/riberalves.pt\/"},{"@type":"ListItem","position":2,"name":"Receitas","item":"https:\/\/riberalves.pt\/receitas\/"},{"@type":"ListItem","position":3,"name":"Morue de printemps d&#8217;Ana Bravo"}]},{"@type":"WebSite","@id":"https:\/\/riberalves.pt\/#website","url":"https:\/\/riberalves.pt\/","name":"Riberalves","description":"Les meilleures recettes de morue en un seul endroit! Notre processus de longue matuaration dans le sel garantit la saveur unique, la texture douce et les tranches succulentes de notre poisson pr\u00e9f\u00e9r\u00e9, pr\u00eat \u00e0 cuisiner!","alternateName":"Riberalves","potentialAction":[{"@type":"SearchAction","target":{"@type":"EntryPoint","urlTemplate":"https:\/\/riberalves.pt\/?s={search_term_string}"},"query-input":{"@type":"PropertyValueSpecification","valueRequired":true,"valueName":"search_term_string"}}],"inLanguage":"fr-FR"}]}},"_links":{"self":[{"href":"https:\/\/riberalves.pt\/fr\/wp-json\/wp\/v2\/receitas\/9358","targetHints":{"allow":["GET"]}}],"collection":[{"href":"https:\/\/riberalves.pt\/fr\/wp-json\/wp\/v2\/receitas"}],"about":[{"href":"https:\/\/riberalves.pt\/fr\/wp-json\/wp\/v2\/types\/receitas"}],"wp:featuredmedia":[{"embeddable":true,"href":"https:\/\/riberalves.pt\/fr\/wp-json\/wp\/v2\/media\/4286"}],"wp:attachment":[{"href":"https:\/\/riberalves.pt\/fr\/wp-json\/wp\/v2\/media?parent=9358"}],"wp:term":[{"taxonomy":"category","embeddable":true,"href":"https:\/\/riberalves.pt\/fr\/wp-json\/wp\/v2\/categories?post=9358"},{"taxonomy":"colecoes","embeddable":true,"href":"https:\/\/riberalves.pt\/fr\/wp-json\/wp\/v2\/colecoes?post=9358"},{"taxonomy":"tipos-bacalhau","embeddable":true,"href":"https:\/\/riberalves.pt\/fr\/wp-json\/wp\/v2\/tipos-bacalhau?post=9358"}],"curies":[{"name":"wp","href":"https:\/\/api.w.org\/{rel}","templated":true}]}}

<p>Morue de printemps d&rsquo;Ana Bravo Santé et morue Riberalves ! La combinaison parfaite pour une recette délicieuse pour toute la famille. Découvrez la recette complète.</p>



<p>Décongelez et nettoyez la <a href="https://riberalves.pt/o-bacalhau/" target="_blank" rel="noreferrer noopener">morue</a>, en retirant la peau et les arêtes puis, coupez-la en dés. Programmez votre four à 200 degrés. Faites cuire les pâtes en suivant les instructions indiquées sur l&#8217;emballage, retirez du feu 2 minutes avant le temps de cuisson recommandé.</p>



<p>Dans un wok, versez l&rsquo;huile d&rsquo;olive, l&rsquo;ail émincé, le piment (facultatif), le paprika et la noix de muscade. Laissez mijoter quelques minutes à feu doux, puis ajoutez la morue. Après 2 minutes, ajoutez les fanes de navet.</p>



<p>Dès que la morue est cuite, roulez-la dans la farine et le lait, mélangez bien. Pour finir, mélangez les pâtes et transvasez dans un récipient allant au four. Disposez dessus les mini-tomates et le fromage râpé</p>



<p>Faites cuire au four en laissant gratiner pendant 10 minutes (ou jusqu&rsquo;à ce soit doré). La morue de printemps d&rsquo;Ana Bravo est prête !</p>



<h2 class="wp-block-heading"><strong><u><a href="https://riberalveslojaonline.pt/" target="_blank" rel="noreferrer noopener">PRÊTE À ÊTRE SAVOURÉE !</a></u></strong></h2>

<!-- This site is optimized with the Yoast SEO plugin v27.5 - https://yoast.com/product/yoast-seo-wordpress/ -->
<title>Morue de printemps d&#039;Ana Bravo - Riberalves</title>
<meta name="description" content="Santé et morue sont la combinaison parfaite pour un repas. Découvrez ici la recette de morue de printemps d&#039;Ana Bravo ! Découvrez-la !" />
<meta name="robots" content="index, follow, max-snippet:-1, max-image-preview:large, max-video-preview:-1" />
<link rel="canonical" href="https://riberalves.pt/fr/recettes/morue-de-printemps-dana-bravo/" />
<meta property="og:locale" content="fr_FR" />
<meta property="og:type" content="article" />
<meta property="og:title" content="Morue de printemps d&#039;Ana Bravo - Riberalves" />
<meta property="og:description" content="Santé et morue sont la combinaison parfaite pour un repas. Découvrez ici la recette de morue de printemps d&#039;Ana Bravo ! Découvrez-la !" />
<meta property="og:url" content="https://riberalves.pt/fr/recettes/morue-de-printemps-dana-bravo/" />
<meta property="og:site_name" content="Riberalves" />
<meta property="article:modified_time" content="2024-03-08T15:21:30+00:00" />
<meta property="og:image" content="https://riberalves.pt/wp-content/uploads/2021/05/BacPrimavera_AB_1200x1460.jpg" />
	<meta property="og:image:width" content="1200" />
	<meta property="og:image:height" content="1460" />
	<meta property="og:image:type" content="image/jpeg" />
<meta name="twitter:card" content="summary_large_image" />
<meta name="twitter:label1" content="Durée de lecture estimée" />
	<meta name="twitter:data1" content="1 minute" />
<script type="application/ld+json" class="yoast-schema-graph">{"@context":"https:\/\/schema.org","@graph":[{"@type":"WebPage","@id":"https:\/\/riberalves.pt\/fr\/recettes\/morue-de-printemps-dana-bravo\/","url":"https:\/\/riberalves.pt\/fr\/recettes\/morue-de-printemps-dana-bravo\/","name":"Morue de printemps d'Ana Bravo - Riberalves","isPartOf":{"@id":"https:\/\/riberalves.pt\/#website"},"primaryImageOfPage":{"@id":"https:\/\/riberalves.pt\/fr\/recettes\/morue-de-printemps-dana-bravo\/#primaryimage"},"image":{"@id":"https:\/\/riberalves.pt\/fr\/recettes\/morue-de-printemps-dana-bravo\/#primaryimage"},"thumbnailUrl":"https:\/\/riberalves.pt\/wp-content\/uploads\/2021\/05\/BacPrimavera_AB_1200x1460.jpg","datePublished":"2022-08-19T09:32:06+00:00","dateModified":"2024-03-08T15:21:30+00:00","description":"Santé et morue sont la combinaison parfaite pour un repas. Découvrez ici la recette de morue de printemps d'Ana Bravo ! Découvrez-la !","breadcrumb":{"@id":"https:\/\/riberalves.pt\/fr\/recettes\/morue-de-printemps-dana-bravo\/#breadcrumb"},"inLanguage":"fr-FR","potentialAction":[{"@type":"ReadAction","target":["https:\/\/riberalves.pt\/fr\/recettes\/morue-de-printemps-dana-bravo\/"]}]},{"@type":"ImageObject","inLanguage":"fr-FR","@id":"https:\/\/riberalves.pt\/fr\/recettes\/morue-de-printemps-dana-bravo\/#primaryimage","url":"https:\/\/riberalves.pt\/wp-content\/uploads\/2021\/05\/BacPrimavera_AB_1200x1460.jpg","contentUrl":"https:\/\/riberalves.pt\/wp-content\/uploads\/2021\/05\/BacPrimavera_AB_1200x1460.jpg","width":1200,"height":1460,"caption":"Saúde, sabor, bacalhau e Riberalves! Combinam perfeitamente para uma receita deliciosa para toda família. Espreita aqui a receita completa."},{"@type":"BreadcrumbList","@id":"https:\/\/riberalves.pt\/fr\/recettes\/morue-de-printemps-dana-bravo\/#breadcrumb","itemListElement":[{"@type":"ListItem","position":1,"name":"Home","item":"https:\/\/riberalves.pt\/"},{"@type":"ListItem","position":2,"name":"Receitas","item":"https:\/\/riberalves.pt\/receitas\/"},{"@type":"ListItem","position":3,"name":"Morue de printemps d&#8217;Ana Bravo"}]},{"@type":"WebSite","@id":"https:\/\/riberalves.pt\/#website","url":"https:\/\/riberalves.pt\/","name":"Riberalves","description":"Les meilleures recettes de morue en un seul endroit! Notre processus de longue matuaration dans le sel garantit la saveur unique, la texture douce et les tranches succulentes de notre poisson préféré, prêt à cuisiner!","alternateName":"Riberalves","potentialAction":[{"@type":"SearchAction","target":{"@type":"EntryPoint","urlTemplate":"https:\/\/riberalves.pt\/?s={search_term_string}"},"query-input":{"@type":"PropertyValueSpecification","valueRequired":true,"valueName":"search_term_string"}}],"inLanguage":"fr-FR"}]}</script>
<!-- / Yoast SEO plugin. -->

Santé et morue sont la combinaison parfaite pour un repas. Découvrez ici la recette de morue de printemps d'Ana Bravo ! Découvrez-la !

Saúde, sabor, bacalhau e Riberalves! Combinam perfeitamente para uma receita deliciosa para toda família. Espreita aqui a receita completa.

Les meilleures recettes de morue en un seul endroit! Notre processus de longue matuaration dans le sel garantit la saveur unique, la texture douce et les tranches succulentes de notre poisson préféré, prêt à cuisiner!
