{"id":5294,"date":"2022-06-07T10:24:34","date_gmt":"2022-06-07T09:24:34","guid":{"rendered":"https:\/\/riberalves.pt\/?post_type=receitas&#038;p=5294"},"modified":"2024-03-08T16:09:31","modified_gmt":"2024-03-08T16:09:31","slug":"bacalhau-primavera-da-ana-bravo","status":"publish","type":"receitas","link":"https:\/\/riberalves.pt\/pt-br\/receitas\/bacalhau-primavera-da-ana-bravo\/","title":{"rendered":"Bacalhau Primavera da Ana Bravo"},"content":{"rendered":"\n<p>Bacalhau primavera da Ana bravo: Sa\u00fade e bacalhau Riberalves! Combinam perfeitamente para uma receita deliciosa para toda fam\u00edlia. Espreita aqui a receita completa.<\/p>\n\n\n\n<p>Descongele e limpe o <a href=\"https:\/\/riberalves.pt\/o-bacalhau\/\" target=\"_blank\" rel=\"noreferrer noopener\">bacalhau<\/a>, tirando a pele e as espinhas e em seguida, corte-o em cubos. Programe o forno a 200 graus. Coza a massa, de acordo com as instru\u00e7\u00f5es da embalagem, mas, tire do lume 2 minutos antes do tempo recomendado.<\/p>\n\n\n\n<p>Num wok, coloque o azeite, o alho picado, a malagueta (opcional), a paprika e a noz moscada. Deixe aquecer ligeiramente, em lume brando e adicione o bacalhau. Passados 2 minutos junte os grelos.<\/p>\n\n\n\n<p>Assim que o bacalhau estiver cozinhado envolva a farinha e o leite, mexendo bem. Por fim, misture a massa e transfira para um recipiente de ir ao forno. Por cima disponha os tomates mini e o queijo ralado.<\/p>\n\n\n\n<p>Leve ao forno deixando gratinar durante 10 minutos (ou at\u00e9 ficar dourado). Est\u00e1 pronto o bacalhau primavera da Ana Bravo!<\/p>\n\n\n\n<h2 class=\"wp-block-heading\"><a href=\"https:\/\/riberalveslojaonline.pt\/\" target=\"_blank\" rel=\"noreferrer noopener\">PRONTO A SABER BEM!<\/a><\/h2>\n","protected":false},"featured_media":4287,"template":"","categories":[81,272,111],"colecoes":[316,337,340],"tipos-bacalhau":[240],"class_list":["post-5294","receitas","type-receitas","status-publish","has-post-thumbnail","hentry","category-nutricionistas-pt-br","category-outono-inverno-pt-br","category-verao-pt-br","colecoes-dicas-das-nutricionistas-pt-br","colecoes-primavera-verao-pt-br","colecoes-refeicoes-familiares-pt-br","tipos-bacalhau-lombos-pt-br"],"acf":[],"yoast_head":"<!-- This site is optimized with the Yoast SEO plugin v27.5 - https:\/\/yoast.com\/product\/yoast-seo-wordpress\/ -->\n<title>Bacalhau Primavera da Ana Bravo - Riberalves<\/title>\n<meta name=\"description\" content=\"Sa\u00fade e bacalhau combinam perfeitamente para uma refei\u00e7\u00e3o. Espreita aqui a receita de Bacalhau primavera da Ana Bravo! Espreita!\" \/>\n<meta name=\"robots\" content=\"index, follow, max-snippet:-1, max-image-preview:large, max-video-preview:-1\" \/>\n<link rel=\"canonical\" href=\"https:\/\/riberalves.pt\/pt-br\/receitas\/bacalhau-primavera-da-ana-bravo\/\" \/>\n<meta property=\"og:locale\" content=\"pt_BR\" \/>\n<meta property=\"og:type\" content=\"article\" \/>\n<meta property=\"og:title\" content=\"Bacalhau Primavera da Ana Bravo - Riberalves\" \/>\n<meta property=\"og:description\" content=\"Sa\u00fade e bacalhau combinam perfeitamente para uma refei\u00e7\u00e3o. Espreita aqui a receita de Bacalhau primavera da Ana Bravo! Espreita!\" \/>\n<meta property=\"og:url\" content=\"https:\/\/riberalves.pt\/pt-br\/receitas\/bacalhau-primavera-da-ana-bravo\/\" \/>\n<meta property=\"og:site_name\" content=\"Riberalves\" \/>\n<meta property=\"article:modified_time\" content=\"2024-03-08T16:09:31+00:00\" \/>\n<meta property=\"og:image\" content=\"https:\/\/riberalves.pt\/wp-content\/uploads\/2021\/05\/BacPrimavera_AB_1200x1460.jpg\" \/>\n\t<meta property=\"og:image:width\" content=\"1200\" \/>\n\t<meta property=\"og:image:height\" content=\"1460\" \/>\n\t<meta property=\"og:image:type\" content=\"image\/jpeg\" \/>\n<meta name=\"twitter:card\" content=\"summary_large_image\" \/>\n<meta name=\"twitter:label1\" content=\"Est. tempo de leitura\" \/>\n\t<meta name=\"twitter:data1\" content=\"1 minuto\" \/>\n<script type=\"application\/ld+json\" class=\"yoast-schema-graph\">{\"@context\":\"https:\\\/\\\/schema.org\",\"@graph\":[{\"@type\":\"WebPage\",\"@id\":\"https:\\\/\\\/riberalves.pt\\\/pt-br\\\/receitas\\\/bacalhau-primavera-da-ana-bravo\\\/\",\"url\":\"https:\\\/\\\/riberalves.pt\\\/pt-br\\\/receitas\\\/bacalhau-primavera-da-ana-bravo\\\/\",\"name\":\"Bacalhau Primavera da Ana Bravo - Riberalves\",\"isPartOf\":{\"@id\":\"https:\\\/\\\/riberalves.pt\\\/#website\"},\"primaryImageOfPage\":{\"@id\":\"https:\\\/\\\/riberalves.pt\\\/pt-br\\\/receitas\\\/bacalhau-primavera-da-ana-bravo\\\/#primaryimage\"},\"image\":{\"@id\":\"https:\\\/\\\/riberalves.pt\\\/pt-br\\\/receitas\\\/bacalhau-primavera-da-ana-bravo\\\/#primaryimage\"},\"thumbnailUrl\":\"https:\\\/\\\/riberalves.pt\\\/wp-content\\\/uploads\\\/2021\\\/05\\\/BacPrimavera_AB_1200x1460.jpg\",\"datePublished\":\"2022-06-07T09:24:34+00:00\",\"dateModified\":\"2024-03-08T16:09:31+00:00\",\"description\":\"Sa\u00fade e bacalhau combinam perfeitamente para uma refei\u00e7\u00e3o. Espreita aqui a receita de Bacalhau primavera da Ana Bravo! Espreita!\",\"breadcrumb\":{\"@id\":\"https:\\\/\\\/riberalves.pt\\\/pt-br\\\/receitas\\\/bacalhau-primavera-da-ana-bravo\\\/#breadcrumb\"},\"inLanguage\":\"pt-BR\",\"potentialAction\":[{\"@type\":\"ReadAction\",\"target\":[\"https:\\\/\\\/riberalves.pt\\\/pt-br\\\/receitas\\\/bacalhau-primavera-da-ana-bravo\\\/\"]}]},{\"@type\":\"ImageObject\",\"inLanguage\":\"pt-BR\",\"@id\":\"https:\\\/\\\/riberalves.pt\\\/pt-br\\\/receitas\\\/bacalhau-primavera-da-ana-bravo\\\/#primaryimage\",\"url\":\"https:\\\/\\\/riberalves.pt\\\/wp-content\\\/uploads\\\/2021\\\/05\\\/BacPrimavera_AB_1200x1460.jpg\",\"contentUrl\":\"https:\\\/\\\/riberalves.pt\\\/wp-content\\\/uploads\\\/2021\\\/05\\\/BacPrimavera_AB_1200x1460.jpg\",\"width\":1200,\"height\":1460,\"caption\":\"Sa\u00fade, sabor, bacalhau e Riberalves! Combinam perfeitamente para uma receita deliciosa para toda fam\u00edlia. Espreita aqui a receita completa.\"},{\"@type\":\"BreadcrumbList\",\"@id\":\"https:\\\/\\\/riberalves.pt\\\/pt-br\\\/receitas\\\/bacalhau-primavera-da-ana-bravo\\\/#breadcrumb\",\"itemListElement\":[{\"@type\":\"ListItem\",\"position\":1,\"name\":\"Home\",\"item\":\"https:\\\/\\\/riberalves.pt\\\/\"},{\"@type\":\"ListItem\",\"position\":2,\"name\":\"Receitas\",\"item\":\"https:\\\/\\\/riberalves.pt\\\/receitas\\\/\"},{\"@type\":\"ListItem\",\"position\":3,\"name\":\"Bacalhau Primavera da Ana Bravo\"}]},{\"@type\":\"WebSite\",\"@id\":\"https:\\\/\\\/riberalves.pt\\\/#website\",\"url\":\"https:\\\/\\\/riberalves.pt\\\/\",\"name\":\"Riberalves\",\"description\":\"O site com as melhores e mais criativas receitas de bacalhau em um \u00fanico lugar!\",\"alternateName\":\"Riberalves\",\"potentialAction\":[{\"@type\":\"SearchAction\",\"target\":{\"@type\":\"EntryPoint\",\"urlTemplate\":\"https:\\\/\\\/riberalves.pt\\\/?s={search_term_string}\"},\"query-input\":{\"@type\":\"PropertyValueSpecification\",\"valueRequired\":true,\"valueName\":\"search_term_string\"}}],\"inLanguage\":\"pt-BR\"}]}<\/script>\n<!-- \/ Yoast SEO plugin. -->","yoast_head_json":{"title":"Bacalhau Primavera da Ana Bravo - Riberalves","description":"Sa\u00fade e bacalhau combinam perfeitamente para uma refei\u00e7\u00e3o. Espreita aqui a receita de Bacalhau primavera da Ana Bravo! Espreita!","robots":{"index":"index","follow":"follow","max-snippet":"max-snippet:-1","max-image-preview":"max-image-preview:large","max-video-preview":"max-video-preview:-1"},"canonical":"https:\/\/riberalves.pt\/pt-br\/receitas\/bacalhau-primavera-da-ana-bravo\/","og_locale":"pt_BR","og_type":"article","og_title":"Bacalhau Primavera da Ana Bravo - Riberalves","og_description":"Sa\u00fade e bacalhau combinam perfeitamente para uma refei\u00e7\u00e3o. Espreita aqui a receita de Bacalhau primavera da Ana Bravo! Espreita!","og_url":"https:\/\/riberalves.pt\/pt-br\/receitas\/bacalhau-primavera-da-ana-bravo\/","og_site_name":"Riberalves","article_modified_time":"2024-03-08T16:09:31+00:00","og_image":[{"width":1200,"height":1460,"url":"https:\/\/riberalves.pt\/wp-content\/uploads\/2021\/05\/BacPrimavera_AB_1200x1460.jpg","type":"image\/jpeg"}],"twitter_card":"summary_large_image","twitter_misc":{"Est. tempo de leitura":"1 minuto"},"schema":{"@context":"https:\/\/schema.org","@graph":[{"@type":"WebPage","@id":"https:\/\/riberalves.pt\/pt-br\/receitas\/bacalhau-primavera-da-ana-bravo\/","url":"https:\/\/riberalves.pt\/pt-br\/receitas\/bacalhau-primavera-da-ana-bravo\/","name":"Bacalhau Primavera da Ana Bravo - Riberalves","isPartOf":{"@id":"https:\/\/riberalves.pt\/#website"},"primaryImageOfPage":{"@id":"https:\/\/riberalves.pt\/pt-br\/receitas\/bacalhau-primavera-da-ana-bravo\/#primaryimage"},"image":{"@id":"https:\/\/riberalves.pt\/pt-br\/receitas\/bacalhau-primavera-da-ana-bravo\/#primaryimage"},"thumbnailUrl":"https:\/\/riberalves.pt\/wp-content\/uploads\/2021\/05\/BacPrimavera_AB_1200x1460.jpg","datePublished":"2022-06-07T09:24:34+00:00","dateModified":"2024-03-08T16:09:31+00:00","description":"Sa\u00fade e bacalhau combinam perfeitamente para uma refei\u00e7\u00e3o. Espreita aqui a receita de Bacalhau primavera da Ana Bravo! Espreita!","breadcrumb":{"@id":"https:\/\/riberalves.pt\/pt-br\/receitas\/bacalhau-primavera-da-ana-bravo\/#breadcrumb"},"inLanguage":"pt-BR","potentialAction":[{"@type":"ReadAction","target":["https:\/\/riberalves.pt\/pt-br\/receitas\/bacalhau-primavera-da-ana-bravo\/"]}]},{"@type":"ImageObject","inLanguage":"pt-BR","@id":"https:\/\/riberalves.pt\/pt-br\/receitas\/bacalhau-primavera-da-ana-bravo\/#primaryimage","url":"https:\/\/riberalves.pt\/wp-content\/uploads\/2021\/05\/BacPrimavera_AB_1200x1460.jpg","contentUrl":"https:\/\/riberalves.pt\/wp-content\/uploads\/2021\/05\/BacPrimavera_AB_1200x1460.jpg","width":1200,"height":1460,"caption":"Sa\u00fade, sabor, bacalhau e Riberalves! Combinam perfeitamente para uma receita deliciosa para toda fam\u00edlia. Espreita aqui a receita completa."},{"@type":"BreadcrumbList","@id":"https:\/\/riberalves.pt\/pt-br\/receitas\/bacalhau-primavera-da-ana-bravo\/#breadcrumb","itemListElement":[{"@type":"ListItem","position":1,"name":"Home","item":"https:\/\/riberalves.pt\/"},{"@type":"ListItem","position":2,"name":"Receitas","item":"https:\/\/riberalves.pt\/receitas\/"},{"@type":"ListItem","position":3,"name":"Bacalhau Primavera da Ana Bravo"}]},{"@type":"WebSite","@id":"https:\/\/riberalves.pt\/#website","url":"https:\/\/riberalves.pt\/","name":"Riberalves","description":"O site com as melhores e mais criativas receitas de bacalhau em um \u00fanico lugar!","alternateName":"Riberalves","potentialAction":[{"@type":"SearchAction","target":{"@type":"EntryPoint","urlTemplate":"https:\/\/riberalves.pt\/?s={search_term_string}"},"query-input":{"@type":"PropertyValueSpecification","valueRequired":true,"valueName":"search_term_string"}}],"inLanguage":"pt-BR"}]}},"_links":{"self":[{"href":"https:\/\/riberalves.pt\/pt-br\/wp-json\/wp\/v2\/receitas\/5294","targetHints":{"allow":["GET"]}}],"collection":[{"href":"https:\/\/riberalves.pt\/pt-br\/wp-json\/wp\/v2\/receitas"}],"about":[{"href":"https:\/\/riberalves.pt\/pt-br\/wp-json\/wp\/v2\/types\/receitas"}],"wp:featuredmedia":[{"embeddable":true,"href":"https:\/\/riberalves.pt\/pt-br\/wp-json\/wp\/v2\/media\/4287"}],"wp:attachment":[{"href":"https:\/\/riberalves.pt\/pt-br\/wp-json\/wp\/v2\/media?parent=5294"}],"wp:term":[{"taxonomy":"category","embeddable":true,"href":"https:\/\/riberalves.pt\/pt-br\/wp-json\/wp\/v2\/categories?post=5294"},{"taxonomy":"colecoes","embeddable":true,"href":"https:\/\/riberalves.pt\/pt-br\/wp-json\/wp\/v2\/colecoes?post=5294"},{"taxonomy":"tipos-bacalhau","embeddable":true,"href":"https:\/\/riberalves.pt\/pt-br\/wp-json\/wp\/v2\/tipos-bacalhau?post=5294"}],"curies":[{"name":"wp","href":"https:\/\/api.w.org\/{rel}","templated":true}]}}

<p>Bacalhau primavera da Ana bravo: Saúde e bacalhau Riberalves! Combinam perfeitamente para uma receita deliciosa para toda família. Espreita aqui a receita completa.</p>



<p>Descongele e limpe o <a href="https://riberalves.pt/o-bacalhau/" target="_blank" rel="noreferrer noopener">bacalhau</a>, tirando a pele e as espinhas e em seguida, corte-o em cubos. Programe o forno a 200 graus. Coza a massa, de acordo com as instruções da embalagem, mas, tire do lume 2 minutos antes do tempo recomendado.</p>



<p>Num wok, coloque o azeite, o alho picado, a malagueta (opcional), a paprika e a noz moscada. Deixe aquecer ligeiramente, em lume brando e adicione o bacalhau. Passados 2 minutos junte os grelos.</p>



<p>Assim que o bacalhau estiver cozinhado envolva a farinha e o leite, mexendo bem. Por fim, misture a massa e transfira para um recipiente de ir ao forno. Por cima disponha os tomates mini e o queijo ralado.</p>



<p>Leve ao forno deixando gratinar durante 10 minutos (ou até ficar dourado). Está pronto o bacalhau primavera da Ana Bravo!</p>



<h2 class="wp-block-heading"><a href="https://riberalveslojaonline.pt/" target="_blank" rel="noreferrer noopener">PRONTO A SABER BEM!</a></h2>

<!-- This site is optimized with the Yoast SEO plugin v27.5 - https://yoast.com/product/yoast-seo-wordpress/ -->
<title>Bacalhau Primavera da Ana Bravo - Riberalves</title>
<meta name="description" content="Saúde e bacalhau combinam perfeitamente para uma refeição. Espreita aqui a receita de Bacalhau primavera da Ana Bravo! Espreita!" />
<meta name="robots" content="index, follow, max-snippet:-1, max-image-preview:large, max-video-preview:-1" />
<link rel="canonical" href="https://riberalves.pt/pt-br/receitas/bacalhau-primavera-da-ana-bravo/" />
<meta property="og:locale" content="pt_BR" />
<meta property="og:type" content="article" />
<meta property="og:title" content="Bacalhau Primavera da Ana Bravo - Riberalves" />
<meta property="og:description" content="Saúde e bacalhau combinam perfeitamente para uma refeição. Espreita aqui a receita de Bacalhau primavera da Ana Bravo! Espreita!" />
<meta property="og:url" content="https://riberalves.pt/pt-br/receitas/bacalhau-primavera-da-ana-bravo/" />
<meta property="og:site_name" content="Riberalves" />
<meta property="article:modified_time" content="2024-03-08T16:09:31+00:00" />
<meta property="og:image" content="https://riberalves.pt/wp-content/uploads/2021/05/BacPrimavera_AB_1200x1460.jpg" />
	<meta property="og:image:width" content="1200" />
	<meta property="og:image:height" content="1460" />
	<meta property="og:image:type" content="image/jpeg" />
<meta name="twitter:card" content="summary_large_image" />
<meta name="twitter:label1" content="Est. tempo de leitura" />
	<meta name="twitter:data1" content="1 minuto" />
<script type="application/ld+json" class="yoast-schema-graph">{"@context":"https:\/\/schema.org","@graph":[{"@type":"WebPage","@id":"https:\/\/riberalves.pt\/pt-br\/receitas\/bacalhau-primavera-da-ana-bravo\/","url":"https:\/\/riberalves.pt\/pt-br\/receitas\/bacalhau-primavera-da-ana-bravo\/","name":"Bacalhau Primavera da Ana Bravo - Riberalves","isPartOf":{"@id":"https:\/\/riberalves.pt\/#website"},"primaryImageOfPage":{"@id":"https:\/\/riberalves.pt\/pt-br\/receitas\/bacalhau-primavera-da-ana-bravo\/#primaryimage"},"image":{"@id":"https:\/\/riberalves.pt\/pt-br\/receitas\/bacalhau-primavera-da-ana-bravo\/#primaryimage"},"thumbnailUrl":"https:\/\/riberalves.pt\/wp-content\/uploads\/2021\/05\/BacPrimavera_AB_1200x1460.jpg","datePublished":"2022-06-07T09:24:34+00:00","dateModified":"2024-03-08T16:09:31+00:00","description":"Saúde e bacalhau combinam perfeitamente para uma refeição. Espreita aqui a receita de Bacalhau primavera da Ana Bravo! Espreita!","breadcrumb":{"@id":"https:\/\/riberalves.pt\/pt-br\/receitas\/bacalhau-primavera-da-ana-bravo\/#breadcrumb"},"inLanguage":"pt-BR","potentialAction":[{"@type":"ReadAction","target":["https:\/\/riberalves.pt\/pt-br\/receitas\/bacalhau-primavera-da-ana-bravo\/"]}]},{"@type":"ImageObject","inLanguage":"pt-BR","@id":"https:\/\/riberalves.pt\/pt-br\/receitas\/bacalhau-primavera-da-ana-bravo\/#primaryimage","url":"https:\/\/riberalves.pt\/wp-content\/uploads\/2021\/05\/BacPrimavera_AB_1200x1460.jpg","contentUrl":"https:\/\/riberalves.pt\/wp-content\/uploads\/2021\/05\/BacPrimavera_AB_1200x1460.jpg","width":1200,"height":1460,"caption":"Saúde, sabor, bacalhau e Riberalves! Combinam perfeitamente para uma receita deliciosa para toda família. Espreita aqui a receita completa."},{"@type":"BreadcrumbList","@id":"https:\/\/riberalves.pt\/pt-br\/receitas\/bacalhau-primavera-da-ana-bravo\/#breadcrumb","itemListElement":[{"@type":"ListItem","position":1,"name":"Home","item":"https:\/\/riberalves.pt\/"},{"@type":"ListItem","position":2,"name":"Receitas","item":"https:\/\/riberalves.pt\/receitas\/"},{"@type":"ListItem","position":3,"name":"Bacalhau Primavera da Ana Bravo"}]},{"@type":"WebSite","@id":"https:\/\/riberalves.pt\/#website","url":"https:\/\/riberalves.pt\/","name":"Riberalves","description":"O site com as melhores e mais criativas receitas de bacalhau em um único lugar!","alternateName":"Riberalves","potentialAction":[{"@type":"SearchAction","target":{"@type":"EntryPoint","urlTemplate":"https:\/\/riberalves.pt\/?s={search_term_string}"},"query-input":{"@type":"PropertyValueSpecification","valueRequired":true,"valueName":"search_term_string"}}],"inLanguage":"pt-BR"}]}</script>
<!-- / Yoast SEO plugin. -->

Saúde e bacalhau combinam perfeitamente para uma refeição. Espreita aqui a receita de Bacalhau primavera da Ana Bravo! Espreita!

Saúde, sabor, bacalhau e Riberalves! Combinam perfeitamente para uma receita deliciosa para toda família. Espreita aqui a receita completa.

O site com as melhores e mais criativas receitas de bacalhau em um único lugar!
